 - 3*z. What is the tens digit of z?
2
Let h = -340 - -870. What is the units digit of h?
0
Let h(w) be the third derivative of -w**4/4 - 2*w**3/3 + w**2. Let x be h(7). Let l = x - -69. What is the tens digit of l?
2
What is the units digit of (-1)/(-5) + (-6736)/(-20)?
7
Let r be 0/((-2 - 2) + 5). Suppose r = 3*q - 5*m - 114, m + 144 = 3*q + 6*m. What is the tens digit of q?
4
Let y(p) = -13*p + 63. Let c be y(8). Let q = 303 + c. What is the units digit of q?
2
Suppose k = 4*i + 98, 27 = -2*k - 4*i + 199. Let b be ((-652)/6)/((-2)/3). Let p = b - k. What is the units digit of p?
3
Let x(l) = -l**2 - 10*l. Let w be x(-9). Let c = w + -11. What is the tens digit of (15/c)/(13/(-52))?
3
Let t = -10 - -23. Let u = 3 - t. What is the units digit of -5*-2*(-23)/u?
3
Suppose -12*v = -7*v - 1830. What is the tens digit of v?
6
Suppose n - 1967 = -2*d + 1163, 3*n = d - 1579. What is the units digit of d?
7
Let f = -6 - -8. Suppose -3*m = -5*m - 5*s + 6, f*s = 0. Suppose -5*r + m = -17. What is the units digit of r?
4
Let p(s) = -111*s. Let o be p(-1). What is the units digit of (-10)/4*o*(-2)/3?
5
Let t be -1*3*(-213)/9. Suppose -t = -r + 39. What is the hundreds digit of r?
1
Suppose 3 = -3*f - 12. Let h be -1 + 0 + (-5 - f). What is the units digit of h/(30/(-14) - -2)?
7
Suppose 785 + 76 = 21*c. What is the units digit of c?
1
Let y = -33 + 79. Suppose -2*u - 4*l + 2*l = y, 74 = -3*u + 2*l. What is the units digit of 2*3/(u/(-124))?
1
Let p(f) be the second derivative of -f**5/20 + f**4/2 + f**3/3 - 5*f**2/2 + 3*f. Suppose -2*s - 5 = -15. What is the tens digit of p(s)?
3
Let c(d) = -6*d - 31. What is the tens digit of c(-23)?
0
Let t(k) = -k**2 + 9*k - 6. Let l be t(6). Suppose 0 = l*q - 7*q - 350. What is the units digit of q?
0
What is the tens digit of ((-8)/(-20))/(4/(-5))*-1542?
7
Suppose 0 = -6*d + 15 + 57. Let y(z) = -z**2 + 10*z + 44. What is the tens digit of y(d)?
2
Let i = -64 + -2. Let f be (-11)/i - (-269)/6. Suppose 0*p = 5*p - f. What is the units digit of p?
9
Suppose 0 = -3*a - 74 - 220. What is the hundreds digit of a/((-22)/6 - (2 - 5))?
1
Let m(p) = -2*p + 20. Let c(h) = h. Let v = -20 - -21. Let r(d) = v*c(d) - m(d). What is the units digit of r(14)?
2
Let i(y) = 5*y**2 + 4*y + 4. Let w be i(-4). Let v = -117 + 77. Let l = v + w. What is the units digit of l?
8
Suppose 0 = -16*a - 44*a + 63180. What is the tens digit of a?
5
Suppose 2*a - c + 1210 = 7*a, 0 = -3*a + 3*c + 726. What is the hundreds digit of a?
2
Let n = -12 + 15. Suppose -n*d - 3*d = -468. What is the tens digit of d?
7
Let k be ((-8)/(-6))/(3*6/621). Suppose -2*f - 6*z + 96 = -3*z, f - k = -2*z. What is the units digit of f?
4
Let l(o) = 7*o**2 - 85*o + 138. What is the thousands digit of l(25)?
2
Suppose -4*b - 5*q + 955 = 0, -1061 = -4*b - q - 118. What is the units digit of b?
5
Let m = -39 + 43. Suppose -6*d + m*d + 174 = 0. What is the units digit of d?
7
Let n(c) = 20*c + 465. What is the units digit of n(0)?
5
Let l = 1607 + -692. What is the units digit of l?
5
Let c(w) = 2*w + 8*w**2 + 0*w**2 - 3*w. What is the units digit of c(1)?
7
What is the hundreds digit of (1/(-2))/((-42)/113316)?
3
Suppose -3619 = -9*o + 2*o. What is the units digit of o?
7
What is the hundreds digit of 2136/9 + ((-44)/(-12) - 4)?
2
Let y(h) be the third derivative of -19*h**4/12 - 3*h**3/2 - 15*h**2. What is the units digit of y(-3)?
5
Suppose 3*k + 11 + 25 = 0. What is the tens digit of -15*112/k - -3?
4
Let k = 100 + -97. Suppose z + 411 = k*v, 2*v + z + 92 = 371. What is the units digit of v?
8
Let r = -1206 + 2904. What is the thousands digit of r?
1
Let p = -511 - -1400. What is the units digit of p?
9
Let l be 0 + 12/(-4) + 61. Suppose 5*c + 95 = 3*x + 2*x, -2*x - 2*c = -l. Suppose q - 50 = -x. What is the units digit of q?
6
Suppose 5*v + 25 = 0, -f - 716 = -2*f + 2*v. What is the hundreds digit of f?
7
Let q = -692 + 1053. What is the units digit of q?
1
Let k = 566 + -306. What is the hundreds digit of k?
2
Let t(h) = -26*h - 21. Suppose 2 = -k, -k = 5*a + 2*k + 36. What is the tens digit of t(a)?
3
Suppose -25 + 123 = 2*a. Let i(g) = g - 2. Let d be i(7). Suppose -a - 31 = -d*f. What is the tens digit of f?
1
Suppose 34*u = 35*u - 145. Let b = u + -67. What is the units digit of b?
8
Let s(h) be the second derivative of 25*h**3/3 - 7*h**2/2 + 4*h. Let l be s(8). What is the tens digit of l/21 + (-4)/(-14)?
1
Suppose -b + 5*b = 2*o - 10, -2*b = -2*o + 10. Suppose b = 5*q - 2*q - 6. Let d(s) = s**3 - s + 1. What is the units digit of d(q)?
7
Suppose 4*m = -5*v + 3131, 4*v - 2513 = 80*m - 75*m. What is the tens digit of v?
2
Suppose -8*h = -h - 2947. What is the tens digit of h?
2
Suppose 3*c + 36 = c. Let v = c + 23. What is the units digit of v?
5
Let s(p) = 112*p**2 + p - 84. What is the hundreds digit of s(6)?
9
Let r = 200 + 4927. What is the hundreds digit of r?
1
Let d(z) = z + 8. Let s be d(-14). What is the tens digit of ((-1)/2)/(1/s) + 34?
3
Suppose -13*q + 9734 = -8778. What is the thousands digit of q?
1
Let j(h) = -106*h + 42. What is the hundreds digit of j(-4)?
4
Suppose -2*t = -7 + 1. Suppose -2*l + 3*u = -15, 0 = -u - t - 0. Suppose -l*i - 92 = -5*i. What is the tens digit of i?
4
Suppose 3*i - 54 = -0*i. Suppose q - i = 2*q. What is the units digit of 5*(q/(-10) + -1)?
4
Suppose -180 = -3*m - m - u, 2*m - 90 = -4*u. Let c = m - 124. What is the tens digit of c/(-3) + 4/(-12)?
2
Let n = 148 + -81. Suppose 3*i = -n - 14. What is the tens digit of 2/9 - 588/i?
2
Let z(a) = -a**3 + 6*a**2 + 5*a + 17. Let h be z(7). Suppose 0*f - 68 = -f - 2*s, 0 = -h*f - 4*s + 200. What is the tens digit of f?
6
Suppose 0 = -m - 4*m. Suppose m = w - 10 - 1. Suppose w*a - 9*a - 78 = 0. What is the units digit of a?
9
Suppose 0 = -4*t + 24 - 16. Suppose 107 = t*f - 3*v + 18, 0 = f + 2*v - 62. What is the tens digit of f?
5
Let l = -3 + 9. Suppose 5*a + 2*g = -52 - 64, 2*g + l = 0. Let v = 45 + a. What is the tens digit of v?
2
Let p(a) = 35*a**3 - 2*a**2 + 7*a - 3. Let h(k) = -34*k**3 + k**2 - 6*k + 2. Let d(w) = 5*h(w) + 4*p(w). What is the tens digit of d(-2)?
3
Suppose -5*z + 35 = a + 4*a, 0 = -z - 1. Let c be (-2)/(a/(-12)) - -67. Let j = c - 42. What is the tens digit of j?
2
Suppose -2504 - 2155 = -3*w. What is the hundreds digit of w?
5
Suppose -14*a + 675 = -5*a. What is the units digit of a?
5
What is the hundreds digit of (((-5856)/40)/6)/(1/(-25))?
6
Let l = 109 + -123. Let i(j) = -2*j - 4 + 6 - 14. What is the units digit of i(l)?
6
Let c = 60 - 64. What is the units digit of c/((-48)/(-20))*-21?
5
Let b = 210 - 181. What is the units digit of b?
9
What is the tens digit of (1/4*-2)/(1/(-1042))?
2
Let f be (0 - -1)/((-2)/4). Let a(l) = -6*l**2 + l - 1. Let q be a(f). Let z = 53 + q. What is the tens digit of z?
2
Suppose 3*g = -5*n + 23 + 22, -5*n - 5*g + 55 = 0. Let a = -1 + n. Suppose -3*y + 4 = -a. What is the units digit of y?
3
Let m = -363 - -14. Let v = m - -583. What is the hundreds digit of v?
2
Suppose 4*u + 166 = 5*k, 2*k - 2*u + 3 = 69. Let o = k - -17. What is the tens digit of o?
5
Let i(p) = -p + 14. Let d be i(6). Let m be -4*9/12*-2. Let z = d - m. What is the units digit of z?
2
What is the tens digit of -5*(-6 + 1)*(3 + 4)?
7
Let q(d) = d**2 + 13*d - 13. What is the units digit of q(4)?
5
Let i(s) = s**3 - 11*s**2 + 13*s - 6. Let k be i(9). Let a = 6 - k. What is the tens digit of a?
5
Suppose 40924 = 12*a - 128. What is the hundreds digit of a?
4
Let l = -46 - -48. Suppose -u + 517 = -0*s + 5*s, 0 = -5*s + l*u + 511. What is the hundreds digit of s?
1
Suppose -76*o + 73*o = -45. What is the tens digit of o?
1
Suppose -2*d + 3 + 5 = 0, 4*p - 28 = -2*d. Let z(j) = j**2 - j - 3. What is the units digit of z(p)?
7
Let t(w) = -3*w**3 - 7*w**2 + 2. Let f be t(-2). Let n = 7 + -13. Let l = f - n. What is the units digit of l?
4
Suppose 645 = 4*r - d, 0 = -0*r + 2*r - 5*d - 309. Suppose -4*f - 34 = -r. What is the tens digit of f?
3
Let n = -54 - -65. Let d(o) = o**2 + 2*o - 6. What is the units digit of d(n)?
7
Let r(j) = 3*j + 18. Let y be r(-6). Suppose -3*h - 4*c + 13 = -y*h, 2*c + 39 = 5*h. What is the units digit of h?
7
Let l(p) = -13*p**2 - 3*p - 6. Let n be l(4). Let x = n + 373. What is the units digit of x?
7
Suppose -1035 = -6*y + 